{"id":136,"date":"2024-07-15T06:36:34","date_gmt":"2024-07-15T06:36:34","guid":{"rendered":"https:\/\/www.raidquart.com\/?page_id=136"},"modified":"2024-07-15T08:42:46","modified_gmt":"2024-07-15T08:42:46","slug":"edition","status":"publish","type":"page","link":"https:\/\/www.raidquart.com\/?page_id=136","title":{"rendered":"\u00c9dition"},"content":{"rendered":"<div data-colibri-id=\"136-c1\" class=\"style-324 style-local-136-c1 position-relative\">\n  <!----><\/p>\n<div data-colibri-component=\"section\" data-colibri-id=\"136-c2\" id=\"custom\" class=\"h-section h-section-global-spacing d-flex align-items-lg-center align-items-md-center align-items-center style-325 style-local-136-c2 position-relative\">\n    <!----><br \/>\n    <!----><\/p>\n<div class=\"h-section-grid-container h-section-boxed-container\">\n      <!----><\/p>\n<div data-colibri-id=\"136-c3\" class=\"h-row-container gutters-row-lg-2 gutters-row-md-2 gutters-row-0 gutters-row-v-lg-2 gutters-row-v-md-2 gutters-row-v-2 style-326 style-local-136-c3 position-relative\">\n        <!----><\/p>\n<div class=\"h-row justify-content-lg-center justify-content-md-center justify-content-center align-items-lg-stretch align-items-md-stretch align-items-stretch gutters-col-lg-2 gutters-col-md-2 gutters-col-0 gutters-col-v-lg-2 gutters-col-v-md-2 gutters-col-v-2\">\n          <!----><\/p>\n<div class=\"h-column h-column-container d-flex h-col-lg-auto h-col-md-auto h-col-auto style-327-outer style-local-136-c4-outer\">\n<div data-colibri-id=\"136-c4\" class=\"d-flex h-flex-basis h-column__inner h-px-lg-2 h-px-md-2 h-px-2 v-inner-lg-2 v-inner-md-2 v-inner-2 style-327 style-local-136-c4 position-relative\">\n              <!----><br \/>\n              <!----><\/p>\n<div class=\"w-100 h-y-container h-column__content h-column__v-align flex-basis-100 align-self-lg-start align-self-md-start align-self-start\">\n                <!----><\/p>\n<div data-colibri-id=\"136-c5\" class=\"h-text h-text-component style-328 style-local-136-c5 position-relative h-element\">\n                  <!----><br \/>\n                  <!----><\/p>\n<div class=\"\">\n<p><strong>S\u00e9curit\u00e9<\/strong><\/p>\n<\/p><\/div>\n<\/p><\/div>\n<\/p><\/div>\n<\/p><\/div>\n<\/p><\/div>\n<\/p><\/div>\n<\/p><\/div>\n<div data-colibri-id=\"136-c9\" class=\"h-row-container gutters-row-lg-2 gutters-row-md-2 gutters-row-0 gutters-row-v-lg-2 gutters-row-v-md-2 gutters-row-v-2 style-332 style-local-136-c9 position-relative\">\n        <!----><\/p>\n<div class=\"h-row justify-content-lg-center justify-content-md-center justify-content-center align-items-lg-stretch align-items-md-stretch align-items-stretch gutters-col-lg-2 gutters-col-md-2 gutters-col-0 gutters-col-v-lg-2 gutters-col-v-md-2 gutters-col-v-2\">\n          <!----><\/p>\n<div class=\"h-column h-column-container d-flex h-col-lg-auto h-col-md-auto h-col-auto style-333-outer style-local-136-c10-outer\">\n<div data-colibri-id=\"136-c10\" class=\"d-flex h-flex-basis h-column__inner h-px-lg-2 h-px-md-2 h-px-2 v-inner-lg-2 v-inner-md-2 v-inner-2 style-333 style-local-136-c10 position-relative\">\n              <!----><br \/>\n              <!----><\/p>\n<div class=\"w-100 h-y-container h-column__content h-column__v-align flex-basis-100 align-self-lg-start align-self-md-start align-self-start\">\n                <!----><\/p>\n<div data-colibri-id=\"136-c11\" class=\"h-text h-text-component style-334 style-local-136-c11 position-relative h-element\">\n                  <!----><br \/>\n                  <!----><\/p>\n<div class=\"\">\n<p>Votre bien-\u00eatre, notre priorit\u00e9<\/p>\n<p>Nous avons con\u00e7u un environnement qui non seulement stimule votre esprit aventureux mais garantit \u00e9galement votre s\u00e9curit\u00e9 \u00e0 chaque tournant du rallye.<\/p>\n<p>Au centre de notre dispositif de s\u00e9curit\u00e9 se trouve une \u00e9quipe d\u00e9vou\u00e9e d&rsquo;experts m\u00e9dicaux et techniques. Chacun de nos participants est accompagn\u00e9 par des professionnels pr\u00eats \u00e0 intervenir, que ce soit pour des situations m\u00e9dicales<br \/>\n                      impr\u00e9vues ou des d\u00e9fis techniques. Ils veillent en permanence \u00e0 ce que votre exp\u00e9rience soit \u00e0 la fois audacieuse et s\u00e9curis\u00e9e.<\/p>\n<p>Chaque v\u00e9hicule est \u00e9quip\u00e9 d&rsquo;un syst\u00e8me de g\u00e9olocalisation en temps r\u00e9el, connectant l\u2019ensemble des participants \u00e0 une plateforme centrale de surveillance. Ce dispositif permet une intervention imm\u00e9diate en cas d&rsquo;urgence, et donne<br \/>\n                      par la m\u00eame occasion la possibilit\u00e9 \u00e0 vos proches de suivre votre trajet durant l\u2019aventure via cette page.<\/p>\n<p>Un h\u00e9licopt\u00e8re d&rsquo;assistance m\u00e9dicale et logistique plane au-dessus du parcours du rallye durant l\u2019int\u00e9gralit\u00e9 des \u00e9preuves. Pr\u00eat \u00e0 intervenir en cas de besoin, il assure une \u00e9vacuation rapide vers des centres m\u00e9dicaux sp\u00e9cialis\u00e9s,<br \/>\n                      garantissant une r\u00e9activit\u00e9 optimale en situations critiques.<\/p>\n<p>Les briefings de s\u00e9curit\u00e9 avant le d\u00e9but du rallye constituent une \u00e9tape cruciale. Ils permettent \u00e0 chaque participant de s&rsquo;acqu\u00e9rir des protocoles et des mesures de s\u00e9curit\u00e9 en place. Des conseils pratiques et des directives sont<br \/>\n                      \u00e9galement partag\u00e9s pour minimiser les risques pendant l&rsquo;aventure, assurant ainsi une compr\u00e9hension approfondie des proc\u00e9dures de s\u00e9curit\u00e9.<\/p>\n<p>La communication en temps r\u00e9el est l\u2019\u00e9l\u00e9ment essentiel de notre dispositif. Un syst\u00e8me d\u00e9di\u00e9 donc vous aurez connaissance avant le d\u00e9part facilite les \u00e9changes entre les participants et l&rsquo;\u00e9quipe d&rsquo;organisation, garantissant une coordination<br \/>\n                      fluide et efficace en cas de situation critique.<\/p>\n<\/p><\/div>\n<\/p><\/div>\n<div data-colibri-id=\"136-c12\" class=\"h-text h-text-component style-335 style-local-136-c12 position-relative h-element\">\n                  <!----><br \/>\n                  <!----><\/p>\n<div class=\"\">\n<p><strong style=\"font-size: 16px; font-family: &quot;Open Sans&quot;; color: rgb(102, 102, 102);\">D\u00e9roul\u00e9 de l\u2019\u00e9dition \u00e0 venir<\/strong><span style=\"font-size: 16px; font-family: &quot;Open Sans&quot;; color: rgb(102, 102, 102); font-weight: 400;\">&nbsp;:&nbsp;<\/span><\/p>\n<\/p><\/div>\n<\/p><\/div>\n<\/p><\/div>\n<\/p><\/div>\n<\/p><\/div>\n<\/p><\/div>\n<\/p><\/div>\n<div data-colibri-id=\"136-c16\" class=\"h-row-container gutters-row-lg-2 gutters-row-md-2 gutters-row-0 gutters-row-v-lg-2 gutters-row-v-md-2 gutters-row-v-2 style-339 style-local-136-c16 position-relative\">\n        <!----><\/p>\n<div class=\"h-row justify-content-lg-center justify-content-md-center justify-content-center align-items-lg-stretch align-items-md-stretch align-items-stretch gutters-col-lg-2 gutters-col-md-2 gutters-col-0 gutters-col-v-lg-2 gutters-col-v-md-2 gutters-col-v-2\">\n          <!----><\/p>\n<div class=\"h-column h-column-container d-flex h-col-lg-auto h-col-md-auto h-col-auto style-340-outer style-local-136-c17-outer\">\n<div data-colibri-id=\"136-c17\" class=\"d-flex h-flex-basis h-column__inner h-px-lg-2 h-px-md-2 h-px-2 v-inner-lg-2 v-inner-md-2 v-inner-2 style-340 style-local-136-c17 position-relative\">\n              <!----><br \/>\n              <!----><\/p>\n<div class=\"w-100 h-y-container h-column__content h-column__v-align flex-basis-100 align-self-lg-start align-self-md-start align-self-start\">\n                <!----><\/p>\n<div data-colibri-id=\"136-c18\" class=\"h-text h-text-component style-338 style-local-136-c18 position-relative h-element\">\n                  <!----><br \/>\n                  <!----><\/p>\n<div class=\"\">\n<p>D\u00e9couverte du rallye<\/p>\n<ul>\n<li>L&rsquo;aventure commence par une c\u00e9r\u00e9monie d&rsquo;ouverture vibrante, marquant le d\u00e9but d&rsquo;une exp\u00e9rience in\u00e9dite.<\/li>\n<li>Les participants se connectent d\u00e8s le d\u00e9part, partageant leur passion commune pour l&rsquo;exploration et l\u2019authenticit\u00e9.&nbsp;<\/li>\n<\/ul>\n<p>Aventure et exploration<\/p>\n<ul>\n<li>Les \u00e9tapes, qu\u2019elles soient en voiture, \u00e0 v\u00e9lo, \u00e0 pied ou \u00e0 dos de dromadaire, traversent des paysages diversifi\u00e9s, allant des d\u00e9serts aux montagnes, mettant \u00e0 l&rsquo;\u00e9preuve les comp\u00e9tences de conduite et l&rsquo;endurance des participants.<\/li>\n<li>Chaque soir, les moments en bivouac offrent un espace de convivialit\u00e9, o\u00f9 les histoires de la journ\u00e9e se m\u00ealent \u00e0 des \u00e9changes spontan\u00e9s et cr\u00e9ent des souvenirs inoubliables.<\/li>\n<\/ul>\n<p>Polyvalence et rencontres<\/p>\n<ul>\n<li>Les \u00e9tapes multi-activit\u00e9s invitent \u00e0 varier les modes de d\u00e9placement, encourageant l&rsquo;adaptabilit\u00e9.<\/li>\n<li>Les rencontres avec les communaut\u00e9s locales ouvrent des fen\u00eatres sur des cultures nouvelles, favorisant la compr\u00e9hension et l&rsquo;\u00e9change.<\/li>\n<\/ul>\n<p>D\u00e9fis et recherche<\/p>\n<ul>\n<li>Des \u00e9nigmes et challenges solidaires sont gliss\u00e9s tout au long de l&rsquo;aventure, renfor\u00e7ant les liens entre les participants et leur permettant de gagner des bonus pour la suite de leur aventure.<\/li>\n<\/ul>\n<p>Cl\u00f4ture du Raid\u2019Quart<\/p>\n<ul>\n<li>La c\u00e9r\u00e9monie de cl\u00f4ture c\u00e9l\u00e8bre les exploits individuels et collectifs, en revenant sur les moments forts que chacun \u00e0 pu vivre durant l&rsquo;aventure.<\/li>\n<li>La soir\u00e9e gala offre une conclusion festive, partageant rires, r\u00e9cits et \u00e9motions. Une remise des prix officielle a lieu \u00e0 ce moment-l\u00e0 en pr\u00e9sence des familles et amis des participants qui ont fait le d\u00e9placement.<\/li>\n<li>Le passage de la vid\u00e9o de remise des dons aux orphelinats constitue un moment poignant, symbolisant l&rsquo;engagement du Raid&rsquo;Quart envers la responsabilit\u00e9 sociale et venant cl\u00f4turer cette aventure inoubliable.<\/li>\n<\/ul>\n<p><strong>Calendrier<\/strong><\/p>\n<p>\u201cLes dates \u00e0 ne pas oublier !\u201d<\/p>\n<p>Frise chronologique avec les dates importantes<\/p>\n<ul>\n<li>Pr\u00e9-inscriptions (tarif r\u00e9duit<\/li>\n<li>Pr\u00e9-inscriptions (tarif normal)<\/li>\n<li>Date limite de l\u2019inscription (envoi du dossier d\u2019inscription complet)<\/li>\n<li>V\u00e9rification techniques, briefing et d\u00e9part en bateau jusqu\u2019\u00e0 Tanger : Jours 1 &amp; 2 &#8211; 12 &amp; 13 avril 2025<\/li>\n<li>\u00c9tapes en voiture, en v\u00e9lo, \u00e0 pied et \u00e0 dromadaire \u00e0 travers le Maroc : Jours 3 \u00e0 7 &#8211; 14 au 18 avril 2025<\/li>\n<li>Arriv\u00e9e \u00e0 F\u00e8s : Jour 7 &#8211; 18 avril 2025<\/li>\n<li>Journ\u00e9e libre \u00e0 F\u00e8s puis remise des prix et soir\u00e9e de cl\u00f4ture avec d\u00eener gala : Jour 8 &#8211; 19 avril 2025<\/li>\n<li>Travers\u00e9e en bateau et retour en France : Jour 9 &#8211; 20 avril 2025 (et jour 10 ?)<\/li>\n<\/ul>\n<p><strong>Soir\u00e9e de cl\u00f4ture<\/strong><\/p>\n<p>\u201cLa derni\u00e8re nuit du Raid\u2019Quart\u201d<\/p>\n<p>La fin du Raid\u2019Quart sera marqu\u00e9e par une soir\u00e9e de cl\u00f4ture festive avec une remise des prix et un d\u00eener gala pour l\u2019ensemble des participants et des \u00e9quipes.<\/p>\n<p>Ce sera \u00e9galement le moment pour vous de retrouver vos proches qui auront la possibilit\u00e9 de venir partager ces instants avec vous (inscriptions via ce lien avant le ???).<\/p>\n<ul>\n<li>Remise des prix : D\u00e9couvrez les laur\u00e9ats du rallye par cat\u00e9gories de v\u00e9hicules, mais aussi ceux des plus beaux v\u00e9hicules sous les applaudissements de vos proches et des \u00e9quipes !<\/li>\n<li>R\u00e9trospective vid\u00e9o : (Re)d\u00e9couvrez des instants de votre aventure \u00e0 travers une r\u00e9trospective vid\u00e9o qui vous fera revivre vos instants sur les pistes et durant les bivouacs. Constatez \u00e9galement l\u2019importance de votre g\u00e9n\u00e9rosit\u00e9 avec<br \/>\n                        une vid\u00e9o revenant sur la collecte de dons et leur remise aux orphelinats de ???. Cette projection sera suivie d\u2019une rencontre et d\u2019un temps d\u2019\u00e9change avec les responsables de ces orphelinats.<\/li>\n<li>D\u00eener gala : Profitez d\u2019un d\u00e9licieux d\u00eener en compagnie de vos proches et vos compagnons de route. C\u2019est le moment de partager vos impressions et les anecdotes de votre p\u00e9riple !<\/li>\n<li>Animations culturelles : Entre tenues, danses, musiques et repas traditionnels, profitez de ces derniers moments au Maroc pour appr\u00e9cier sa culture.<\/li>\n<li>\u00c9changes et convivialit\u00e9 : cr\u00e9ez des connexions et \u00e9changez avec d\u2019autres participants ainsi que des chefs d\u2019entreprise du monde entier. C\u2019est l\u2019occasion d\u2019explorer des opportunit\u00e9s professionnelles, d\u2019\u00e9changer des id\u00e9es et de tisser<br \/>\n                        des partenariats professionnels internationaux.<\/li>\n<\/ul>\n<p>\n                      \n                    <\/p>\n<\/p><\/div>\n<\/p><\/div>\n<\/p><\/div>\n<\/p><\/div>\n<\/p><\/div>\n<\/p><\/div>\n<\/p><\/div>\n<div data-colibri-id=\"136-c13\" class=\"h-row-container gutters-row-lg-2 gutters-row-md-2 gutters-row-0 gutters-row-v-lg-2 gutters-row-v-md-2 gutters-row-v-2 style-336 style-local-136-c13 position-relative\">\n        <!----><\/p>\n<div class=\"h-row justify-content-lg-center justify-content-md-center justify-content-center align-items-lg-stretch align-items-md-stretch align-items-stretch gutters-col-lg-2 gutters-col-md-2 gutters-col-0 gutters-col-v-lg-2 gutters-col-v-md-2 gutters-col-v-2\">\n          <!----><\/p>\n<div class=\"h-column h-column-container d-flex h-col-lg-auto h-col-md-auto h-col-auto style-337-outer style-local-136-c14-outer\">\n<div data-colibri-id=\"136-c14\" class=\"d-flex h-flex-basis h-column__inner h-ui-empty-state-container h-px-lg-2 h-px-md-2 h-px-2 v-inner-lg-2 v-inner-md-2 v-inner-2 style-337 style-local-136-c14 position-relative\">\n              <!----><br \/>\n              <!----><\/p>\n<div class=\"w-100 h-y-container h-column__content h-column__v-align flex-basis-100\">\n                <!---->\n              <\/div>\n<\/p><\/div>\n<\/p><\/div>\n<\/p><\/div>\n<\/p><\/div>\n<\/p><\/div>\n<\/p><\/div>\n<div data-colibri-component=\"section\" data-colibri-id=\"136-c6\" id=\"custom-2\" class=\"h-section h-section-global-spacing d-flex align-items-lg-center align-items-md-center align-items-center style-329 style-local-136-c6 position-relative\">\n    <!----><br \/>\n    <!----><\/p>\n<div class=\"h-section-grid-container h-section-boxed-container\">\n      <!----><\/p>\n<div data-colibri-id=\"136-c7\" class=\"h-row-container gutters-row-lg-2 gutters-row-md-2 gutters-row-0 gutters-row-v-lg-2 gutters-row-v-md-2 gutters-row-v-2 style-330 style-local-136-c7 position-relative\">\n        <!----><\/p>\n<div class=\"h-row justify-content-lg-center justify-content-md-center justify-content-center align-items-lg-stretch align-items-md-stretch align-items-stretch gutters-col-lg-2 gutters-col-md-2 gutters-col-0 gutters-col-v-lg-2 gutters-col-v-md-2 gutters-col-v-2\">\n          <!----><\/p>\n<div class=\"h-column h-column-container d-flex h-col-lg-auto h-col-md-auto h-col-auto style-331-outer style-local-136-c8-outer\">\n<div data-colibri-id=\"136-c8\" class=\"d-flex h-flex-basis h-column__inner h-ui-empty-state-container h-px-lg-2 h-px-md-2 h-px-2 v-inner-lg-2 v-inner-md-2 v-inner-2 style-331 style-local-136-c8 position-relative\">\n              <!----><br \/>\n              <!----><\/p>\n<div class=\"w-100 h-y-container h-column__content h-column__v-align flex-basis-100\">\n                <!---->\n              <\/div>\n<\/p><\/div>\n<\/p><\/div>\n<\/p><\/div>\n<\/p><\/div>\n<\/p><\/div>\n<\/p><\/div>\n<\/div>\n","protected":false},"excerpt":{"rendered":"<p>S\u00e9curit\u00e9 Votre bien-\u00eatre, notre priorit\u00e9 Nous avons con\u00e7u un environnement qui non seulement stimule votre esprit aventureux mais garantit \u00e9galement votre s\u00e9curit\u00e9 \u00e0 chaque tournant du rallye. Au centre de&hellip;<\/p>\n","protected":false},"author":2,"featured_media":0,"parent":0,"menu_order":0,"comment_status":"closed","ping_status":"closed","template":"page-templates\/full-width-page.php","meta":{"footnotes":""},"class_list":["post-136","page","type-page","status-publish","hentry"],"yoast_head":"<!-- This site is optimized with the Yoast SEO plugin v22.9 - https:\/\/yoast.com\/wordpress\/plugins\/seo\/ -->\n<title>\u00c9dition - Raid&#039;Quart : Explorez le d\u00e9sert avec vos voisins<\/title>\n<meta name=\"robots\" content=\"index, follow, max-snippet:-1, max-image-preview:large, max-video-preview:-1\" \/>\n<link rel=\"canonical\" href=\"https:\/\/www.raidquart.com\/?page_id=136\" \/>\n<meta property=\"og:locale\" content=\"fr_FR\" \/>\n<meta property=\"og:type\" content=\"article\" \/>\n<meta property=\"og:title\" content=\"\u00c9dition - Raid&#039;Quart : Explorez le d\u00e9sert avec vos voisins\" \/>\n<meta property=\"og:description\" content=\"S\u00e9curit\u00e9 Votre bien-\u00eatre, notre priorit\u00e9 Nous avons con\u00e7u un environnement qui non seulement stimule votre esprit aventureux mais garantit \u00e9galement votre s\u00e9curit\u00e9 \u00e0 chaque tournant du rallye. Au centre de&hellip;\" \/>\n<meta property=\"og:url\" content=\"https:\/\/www.raidquart.com\/?page_id=136\" \/>\n<meta property=\"og:site_name\" content=\"Raid&#039;Quart : Explorez le d\u00e9sert avec vos voisins\" \/>\n<meta property=\"article:modified_time\" content=\"2024-07-15T08:42:46+00:00\" \/>\n<meta name=\"twitter:card\" content=\"summary_large_image\" \/>\n<meta name=\"twitter:label1\" content=\"Dur\u00e9e de lecture estim\u00e9e\" \/>\n\t<meta name=\"twitter:data1\" content=\"5 minutes\" \/>\n<script type=\"application\/ld+json\" class=\"yoast-schema-graph\">{\"@context\":\"https:\/\/schema.org\",\"@graph\":[{\"@type\":\"WebPage\",\"@id\":\"https:\/\/www.raidquart.com\/?page_id=136\",\"url\":\"https:\/\/www.raidquart.com\/?page_id=136\",\"name\":\"\u00c9dition - Raid&#039;Quart : Explorez le d\u00e9sert avec vos voisins\",\"isPartOf\":{\"@id\":\"https:\/\/www.raidquart.com\/#website\"},\"datePublished\":\"2024-07-15T06:36:34+00:00\",\"dateModified\":\"2024-07-15T08:42:46+00:00\",\"breadcrumb\":{\"@id\":\"https:\/\/www.raidquart.com\/?page_id=136#breadcrumb\"},\"inLanguage\":\"fr-FR\",\"potentialAction\":[{\"@type\":\"ReadAction\",\"target\":[\"https:\/\/www.raidquart.com\/?page_id=136\"]}]},{\"@type\":\"BreadcrumbList\",\"@id\":\"https:\/\/www.raidquart.com\/?page_id=136#breadcrumb\",\"itemListElement\":[{\"@type\":\"ListItem\",\"position\":1,\"name\":\"Home\",\"item\":\"https:\/\/www.raidquart.com\/\"},{\"@type\":\"ListItem\",\"position\":2,\"name\":\"\u00c9dition\"}]},{\"@type\":\"WebSite\",\"@id\":\"https:\/\/www.raidquart.com\/#website\",\"url\":\"https:\/\/www.raidquart.com\/\",\"name\":\"Raid&#039;Quart : Explorez le d\u00e9sert avec vos voisins\",\"description\":\"\",\"publisher\":{\"@id\":\"https:\/\/www.raidquart.com\/#organization\"},\"potentialAction\":[{\"@type\":\"SearchAction\",\"target\":{\"@type\":\"EntryPoint\",\"urlTemplate\":\"https:\/\/www.raidquart.com\/?s={search_term_string}\"},\"query-input\":\"required name=search_term_string\"}],\"inLanguage\":\"fr-FR\"},{\"@type\":\"Organization\",\"@id\":\"https:\/\/www.raidquart.com\/#organization\",\"name\":\"Raid&#039;Quart : Explorez le d\u00e9sert avec vos voisins\",\"url\":\"https:\/\/www.raidquart.com\/\",\"logo\":{\"@type\":\"ImageObject\",\"inLanguage\":\"fr-FR\",\"@id\":\"https:\/\/www.raidquart.com\/#\/schema\/logo\/image\/\",\"url\":\"https:\/\/www.raidquart.com\/wp-content\/uploads\/2024\/07\/cropped-cropped-jpg-2.jpg\",\"contentUrl\":\"https:\/\/www.raidquart.com\/wp-content\/uploads\/2024\/07\/cropped-cropped-jpg-2.jpg\",\"width\":512,\"height\":512,\"caption\":\"Raid&#039;Quart : Explorez le d\u00e9sert avec vos voisins\"},\"image\":{\"@id\":\"https:\/\/www.raidquart.com\/#\/schema\/logo\/image\/\"}}]}<\/script>\n<!-- \/ Yoast SEO plugin. -->","yoast_head_json":{"title":"\u00c9dition - Raid&#039;Quart : Explorez le d\u00e9sert avec vos voisins","robots":{"index":"index","follow":"follow","max-snippet":"max-snippet:-1","max-image-preview":"max-image-preview:large","max-video-preview":"max-video-preview:-1"},"canonical":"https:\/\/www.raidquart.com\/?page_id=136","og_locale":"fr_FR","og_type":"article","og_title":"\u00c9dition - Raid&#039;Quart : Explorez le d\u00e9sert avec vos voisins","og_description":"S\u00e9curit\u00e9 Votre bien-\u00eatre, notre priorit\u00e9 Nous avons con\u00e7u un environnement qui non seulement stimule votre esprit aventureux mais garantit \u00e9galement votre s\u00e9curit\u00e9 \u00e0 chaque tournant du rallye. Au centre de&hellip;","og_url":"https:\/\/www.raidquart.com\/?page_id=136","og_site_name":"Raid&#039;Quart : Explorez le d\u00e9sert avec vos voisins","article_modified_time":"2024-07-15T08:42:46+00:00","twitter_card":"summary_large_image","twitter_misc":{"Dur\u00e9e de lecture estim\u00e9e":"5 minutes"},"schema":{"@context":"https:\/\/schema.org","@graph":[{"@type":"WebPage","@id":"https:\/\/www.raidquart.com\/?page_id=136","url":"https:\/\/www.raidquart.com\/?page_id=136","name":"\u00c9dition - Raid&#039;Quart : Explorez le d\u00e9sert avec vos voisins","isPartOf":{"@id":"https:\/\/www.raidquart.com\/#website"},"datePublished":"2024-07-15T06:36:34+00:00","dateModified":"2024-07-15T08:42:46+00:00","breadcrumb":{"@id":"https:\/\/www.raidquart.com\/?page_id=136#breadcrumb"},"inLanguage":"fr-FR","potentialAction":[{"@type":"ReadAction","target":["https:\/\/www.raidquart.com\/?page_id=136"]}]},{"@type":"BreadcrumbList","@id":"https:\/\/www.raidquart.com\/?page_id=136#breadcrumb","itemListElement":[{"@type":"ListItem","position":1,"name":"Home","item":"https:\/\/www.raidquart.com\/"},{"@type":"ListItem","position":2,"name":"\u00c9dition"}]},{"@type":"WebSite","@id":"https:\/\/www.raidquart.com\/#website","url":"https:\/\/www.raidquart.com\/","name":"Raid&#039;Quart : Explorez le d\u00e9sert avec vos voisins","description":"","publisher":{"@id":"https:\/\/www.raidquart.com\/#organization"},"potentialAction":[{"@type":"SearchAction","target":{"@type":"EntryPoint","urlTemplate":"https:\/\/www.raidquart.com\/?s={search_term_string}"},"query-input":"required name=search_term_string"}],"inLanguage":"fr-FR"},{"@type":"Organization","@id":"https:\/\/www.raidquart.com\/#organization","name":"Raid&#039;Quart : Explorez le d\u00e9sert avec vos voisins","url":"https:\/\/www.raidquart.com\/","logo":{"@type":"ImageObject","inLanguage":"fr-FR","@id":"https:\/\/www.raidquart.com\/#\/schema\/logo\/image\/","url":"https:\/\/www.raidquart.com\/wp-content\/uploads\/2024\/07\/cropped-cropped-jpg-2.jpg","contentUrl":"https:\/\/www.raidquart.com\/wp-content\/uploads\/2024\/07\/cropped-cropped-jpg-2.jpg","width":512,"height":512,"caption":"Raid&#039;Quart : Explorez le d\u00e9sert avec vos voisins"},"image":{"@id":"https:\/\/www.raidquart.com\/#\/schema\/logo\/image\/"}}]}},"_links":{"self":[{"href":"https:\/\/www.raidquart.com\/index.php?rest_route=\/wp\/v2\/pages\/136","targetHints":{"allow":["GET"]}}],"collection":[{"href":"https:\/\/www.raidquart.com\/index.php?rest_route=\/wp\/v2\/pages"}],"about":[{"href":"https:\/\/www.raidquart.com\/index.php?rest_route=\/wp\/v2\/types\/page"}],"author":[{"embeddable":true,"href":"https:\/\/www.raidquart.com\/index.php?rest_route=\/wp\/v2\/users\/2"}],"replies":[{"embeddable":true,"href":"https:\/\/www.raidquart.com\/index.php?rest_route=%2Fwp%2Fv2%2Fcomments&post=136"}],"version-history":[{"count":4,"href":"https:\/\/www.raidquart.com\/index.php?rest_route=\/wp\/v2\/pages\/136\/revisions"}],"predecessor-version":[{"id":188,"href":"https:\/\/www.raidquart.com\/index.php?rest_route=\/wp\/v2\/pages\/136\/revisions\/188"}],"wp:attachment":[{"href":"https:\/\/www.raidquart.com\/index.php?rest_route=%2Fwp%2Fv2%2Fmedia&parent=136"}],"curies":[{"name":"wp","href":"https:\/\/api.w.org\/{rel}","templated":true}]}}